- 10*a + 11*a + 74195 = 0, 4*k - 3*a = 74185. Suppose -c = -q + 4*q - 18548, -k = -c - 5*q. Is c a prime number?
False
Let m(g) be the second derivative of -g**5/20 + 4*g**4/3 - 5*g**3/6 - 15*g**2/2 - 26*g + 2. Is m(12) a composite number?
True
Let k = -646 - -648. Suppose 2*u = 5*w + 5213, -k*u - 2*w + 2683 = -2509. Is u a prime number?
False
Let m(j) = j**3 + 11*j**2 + 10*j + 18. Let g be m(-10). Suppose 3*o - 2*o = -4*t - 41964, 0 = -3*o. Is t/(-7) + g/63 a prime number?
True
Let d = -6525 + 80464. Is d prime?
True
Let l(f) = -1259*f - 3713. Is l(-66) composite?
True
Let h(n) = -n**2 + n + 8. Let u be (-4)/(-2)*2*1. Let i be h(u). Is -3 - (287/(-2) - 6/i) a composite number?
False
Let s(a) = 2*a**2 - 3*a - 8. Let i be s(2). Is ((-2)/i - 35065/(-15)) + -5 a prime number?
True
Is (5 + 8732)/((6 + 490/(-85))/4) a composite number?
True
Suppose 75 = 8*z + 35. Suppose -z*y + 8098 = 2*r, 2*y - 2*r - 3232 = -r. Is y a composite number?
True
Let c = 85 - 68. Suppose -4*i + 31 = -c. Is (-251)/(i/3 + -5) a prime number?
True
Suppose -5*w = -3*o + 1, w - 21 = 5*o + 4*w. Let a(p) = 261*p**2 + 23*p - 3. Let x(g) = 88*g**2 + 8*g - 1. Let m(b) = 6*a(b) - 17*x(b). Is m(o) a prime number?
False
Let h be ((-35)/5 - -4)/((-3)/(-362)). Let s = 219 - h. Let k = 1314 - s. Is k a composite number?
False
Let w = -72980 + 139609. Is w a prime number?
True
Let p be (-4)/(-6) + 94/(-6). Let z be 64*p*(-3)/18. Let i = 99 + z. Is i a composite number?
True
Is 9 + 776/(-4)*-209 prime?
False
Let g = 70264 - 48273. Is g a composite number?
False
Let z = -50663 + 77122. Is z prime?
True
Let y be (-1 - -2)/(5/10). Suppose -2*q - 4 = 2*r - 20, -y*q = 3*r - 20. Suppose 256 + 100 = q*k. Is k a composite number?
False
Suppose 0 = -19*u + 24*u + 650. Let q = u - -113. Is ((8 + q)/27)/((-1)/93) composite?
False
Let m = 223659 - 27062. Is m a composite number?
False
Suppose 123353 = 7*c - 8576. Suppose -4*p - a = -13547, -5297 = 4*p - 2*a - c. Is p a prime number?
False
Let o be -12*5/(-15) - 2. Suppose -465 = -g + 2*k, k + 1 = o. Is g a composite number?
False
Let t(m) = -191504*m**3 - 3*m**2 + 187*m + 189. Is t(-1) prime?
False
Is -18897*(-111)/18 - (-8)/(-16) prime?
True
Let r = -145 - -149. Is ((-12)/48)/((-1)/r) - -488 a composite number?
True
Suppose 0 = 8*x + 42*x - 5861850. Is x composite?
True
Suppose -2*k + 9735 = 5*f, 5*k + 12241 = 5*f + 2541. Suppose 5*a - f = -2*h, 4*a - 1579 = -23*h + 26*h. Is a prime?
False
Suppose -2671171 = 18*g - 8383527 - 3191722. Is g prime?
True
Let t be (-60)/36*63/(-15). Let n(u) = u**3 + 16*u**2 - 6*u - 3. Is n(t) composite?
True
Suppose 3*x - 3*h - 939525 = 0, 4*x - x - 2*h = 939524. Suppose 91736 - x = -14*d. Is d prime?
True
Suppose -l - 5*u = -241907, 2*l - 674*u - 483814 = -670*u. Is l a prime number?
True
Suppose 15*s + 6*s - 25*s = 0. Suppose 0 = -13*b - 2*b + 86955. Suppose s = -0*d + 11*d - b. Is d a composite number?
True
Is (-2 + -2)*((-43361458)/136 + 6) a prime number?
False
Let c = 105 - 100. Let v(w) = 101*w**3 + w**2 - 17*w + 6. Is v(c) a composite number?
True
Let o(t) = -t**2 - 4*t + 10. Let q be o(0). Suppose -4*x - q*x = -98. Suppose -1886 = -x*h + 2993. Is h prime?
False
Let r(h) be the third derivative of 109*h**4/12 + 251*h**3/6 + 79*h**2. Is r(19) composite?
True
Let z = 2608 + -2606. Let u(w) = 750*w**2 - 2 - 3*w + 2 + 1. Is u(z) a prime number?
False
Suppose 0 = -164*m + 161*m + 4*t + 272061, 3*m - 272019 = -3*t. Is m a composite number?
False
Is (((-182)/70)/13)/(1/(-881305)) prime?
True
Is (-817014)/(-42)*7 + -10 composite?
True
Let n(i) = 2*i**3 - 22*i**2 - 30*i + 3. Let b be n(22). Let f = -6722 + b. Is f a prime number?
False
Let m(a) = -a**2 + 23*a + 9. Let q(h) = -2*h + 56. Let j be q(19). Let f be m(j). Is (-4 - -6) + f/3 a composite number?
True
Let h = 1115 + -2099. Let n = 3283 - h. Is n a composite number?
True
Let b(p) = -p**2 + 7*p - 7. Let h be b(4). Suppose 2*c = -3*r + 15365, -h*c = -r + 3*r - 10225. Suppose -5*w = t - 8531, 4*w - t = w + r. Is w composite?
True
Let g(l) = 0 + 750*l + 19 - 639*l. Suppose 2*p = 5*p - 24. Is g(p) a prime number?
True
Let q = -38 + 43. Suppose 0 = 4*g - 0*n - q*n - 6376, 2*n = -2*g + 3206. Let l = g - 722. Is l a prime number?
True
Let s(o) = -3*o + 3. Let h be s(2). Let d(g) = -166*g + 28. Let t be d(-3). Is (14/4 + (h - 0))*t prime?
True
Let b = 105884 + 192419. Is b prime?
True
Let v(c) = 4257*c + 2582. Is v(121) prime?
False
Let n = 176 - 175. Is (-5)/((-100)/24330) + n/2 prime?
True
Let y(a) be the first derivative of 89*a**4/4 + 4*a**3/3 - 5*a**2 + 17*a - 157. Is y(4) prime?
True
Suppose -j - 74 + 2 = 0. Let f be j/84*(0 + -26 + -2). Suppose 29*o = f*o + 515. Is o prime?
True
Let d = 1359 - 264. Let c = 2113 - d. Is c a composite number?
True
Let v(f) = 13*f - 155. Let b(d) = -27*d - 144. Let h be b(-6). Is v(h) a composite number?
False
Let l(d) be the first derivative of -3*d**4/4 - d**3/3 - d**2/2 + 1693*d + 56. Is l(0) a prime number?
True
Let o(w) = -480*w - 1297. Is o(-62) composite?
False
Let n be 564/10 + 30/(-75). Let i be 6594/n + 2/8. Let s = 329 - i. Is s a prime number?
True
Let c(s) = -s + 9. Let l be c(-3). Suppose -6*p - 516 = -l*p. Suppose -5*b + 80 + p = n, 4*n + b = 569. Is n composite?
True
Suppose -12*m + m + 53768 = 0. Let n = -2027 + m. Is n a prime number?
True
Let o(u) = -610*u - 1821. Is o(-29) prime?
False
Let g be (-350 - -1)*-102 + 0 + -1. Suppose -2*d = -5*d + 2*t + g, 16 = -4*t. Is d composite?
False
Suppose -5*i = 2*i - 154252. Suppose -18*s = -i - 28958. Is s composite?
False
Suppose 2*a + 4*q = 5*a - 13894, 0 = -4*a - 2*q + 18518. Suppose p = 3*i - 0*i + a, 2*i = -8. Is p a composite number?
True
Let t(w) = -958*w - 131. Let s be t(10). Let j = s - -17032. Is j prime?
True
Suppose -g = 4*d - 303719, -7*d - 8 = -3*d. Is g prime?
True
Let v(r) be the first derivative of -23*r**2/2 + 106*r + 62. Is v(-23) composite?
True
Suppose -29 + 17 = 6*l. Let w(s) = 717*s**2 + 3*s + 5. Let y(p) = -716*p**2 - 3*p - 6. Let h(t) = 7*w(t) + 6*y(t). Is h(l) a prime number?
False
Let s = -18 + 22. Suppose 3*w = 10 - 1, -3*w - 7 = -s*u. Is ((-14)/21)/(u/(-31362)) a composite number?
False
Let c(f) = 194*f - 19. Let p be c(3). Let i = -120 + p. Is i a composite number?
False
Let y(o) = -19547*o - 105. Is y(-2) a composite number?
True
Suppose -25*d - 12*d = -50 - 24. Let o(g) = 2*g**2 + 2*g - 1. Let f be o(-2). Suppose f*l + 65 = 4*m + 184, d*m = -3*l + 107. Is l composite?
False
Suppose 9*g + 45903 = 12*g. Suppose 6*q - 11981 = g. Is q composite?
False
Is 6 + (((-446119704)/21)/(-18) - (-2)/14) prime?
False
Let l(c) = 1823*c**2 + c + 14. Let j(q) = -3647*q**2 - q - 28. Let u(n) = -2*j(n) - 5*l(n). Let t be u(-4). Is 6/(-84)*t + 6/(-21) a prime number?
True
Let u(d) be the second derivative of 0 - 15/2*d**3 - 47/2*d**2 + 11*d. Is u(-12) composite?
True
Suppose 34*f = -2*b + 37*f + 272, 3*f = 5*b - 689. Is b a composite number?
False
Suppose 4*m + 5*s - 508 = 0, -4*m + m + 381 = -4*s. Let g(j) = -2*j**3 - 11*j**2 + 3*j - 20. Let d be g(-5). Let a = m + d. Is a composite?
False
Let n be (4632/(-20))/((-9)/45). Let m = -289 + n. Is m composite?
True
Let s be (8 - 8)/(1 - 0) - -2. Let t(o) = -2*o**3 - 8*o - 7*o**2 - 17*o - 2 + 15*o - s*o**3. Is t(-7) composite?
False
Is (-42195401)/(-711) + (-8)/(-18) a prime number?
False
Suppose -3*g + 4*r = 7*r - 63813, 85100 = 4*g - 4*r. Suppose -2*m = 3371 - g. Is m prime?
True
Let v = -58 + 46. Let o be ((-15)/(-135))/((-2)/(-6))*v. Is (o - 0)/2 - -1663 a prime number?
False
Let q = 35 - 41. Let i(b) = 34*b + 19 - 78*b - 155*b. Is i(q) composite?
False
Let a = 3737 - 1079. Let r = -505 + a. Is r a composite number?
False
Suppose h + 38148 = 4954. Is (24/(-16))/(21/h) a prime number?
True
Suppose 19713 = 3*r + w - 4*w, -2*w = 2*r - 13130. Let n = r + -3666. Is n a composite number?
True
Let x = -2968 + 4299. Suppose -5*a - 5*m = -2730, -3*m - x - 277 = -3*a. Let d = a + -364. Is d a prime number?
False
Let t be 28224/11 + -5 + 171/33. Let r = -1353 + t. Is r a prime number?
True
Let k be (8/(-4))/(3/(-6)). Suppose -39822 = -2*y - k*y. Is y composite?
False
Let l = 126764 + -55345. Is l a prime number?
True
Suppose 13*o = -29*o + 336. Suppose o*x - 1802 = 45950. Is x a prime number?
False
Suppose v = 2*l - 823, 